{"id":53181,"date":"2021-08-31T11:30:03","date_gmt":"2021-08-31T10:30:03","guid":{"rendered":"https:\/\/www.vallonchene.fr\/produit\/prunus-avium-schneiders-spate-knorpelkirsche\/"},"modified":"2021-08-31T11:30:03","modified_gmt":"2021-08-31T10:30:03","slug":"prunus-avium-schneiders-spate-knorpelkirsche","status":"publish","type":"product","link":"https:\/\/www.vallonchene.fr\/es\/producto\/prunus-avium-schneiders-spate-knorpelkirsche\/","title":{"rendered":"PRUNUS avium &#8216;Schneider&#8217;s Sp\u00e4te Knorpelkirsche&#8217;"},"content":{"rendered":"","protected":false},"excerpt":{"rendered":"<p>Este <strong>cerezo tard\u00edo<\/strong> produce frutos negros brillantes y dulces en verano. El <strong>PRUNUS avium &#8216;Schneider&#8217;s Sp\u00e4te Knorpelkirsche&#8217;<\/strong> es ideal para los jardines y es apreciado por su sabor y robustez. <\/p>\n","protected":false},"featured_media":0,"comment_status":"open","ping_status":"closed","template":"","meta":[],"product_brand":[],"product_cat":[269],"product_tag":[3959],"class_list":{"0":"post-53181","1":"product","2":"type-product","3":"status-publish","5":"product_cat-fruitiers","6":"product_tag-prunus-avium","7":"pa_hauteurlivree-125-a-150cm","8":"pa_hauteurlivree-175-a-200-cm","9":"pa_tailledepot-pot-de-7_5-litres","11":"first","12":"outofstock","13":"taxable","14":"shipping-taxable","15":"purchasable","16":"product-type-variable"},"supplier_id":null,"supplier_sku":"","barcode":null,"atum_controlled":true,"out_stock_date":null,"out_stock_threshold":null,"inheritable":true,"inbound_stock":0,"stock_on_hold":0,"sold_today":0,"sales_last_days":0,"reserved_stock":0,"customer_returns":0,"warehouse_damage":0,"lost_in_post":0,"other_logs":0,"out_stock_days":null,"lost_sales":0,"has_location":false,"update_date":"2026-04-16T08:15:55","atum_locations":[],"atum_stock_status":"instock","restock_status":false,"low_stock_amount":"","sales_update_date":"2026-04-16T08:15:55","calc_backorders":null,"yoast_head":"<!-- This site is optimized with the Yoast SEO Premium plugin v27.4 (Yoast SEO v27.4) - https:\/\/yoast.com\/product\/yoast-seo-premium-wordpress\/ -->\n<title>PRUNUS avium &#039;Schneider&#039;s Sp\u00e4te Knorpelkirsche&#039;<\/title>\n<meta name=\"description\" content=\"Este cerezo tard\u00edo produce frutos negros brillantes y dulces en verano. El PRUNUS avium &#039;Schneider&#039;s Sp\u00e4te Knorpelkirsche&#039; es apreciado por su sabor.\" \/>\n<meta name=\"robots\" content=\"index, follow, max-snippet:-1, max-image-preview:large, max-video-preview:-1\" \/>\n<link rel=\"canonical\" href=\"https:\/\/www.vallonchene.fr\/es\/producto\/prunus-avium-schneiders-spate-knorpelkirsche\/\" \/>\n<meta property=\"og:locale\" content=\"es_ES\" \/>\n<meta property=\"og:type\" content=\"article\" \/>\n<meta property=\"og:title\" content=\"PRUNUS avium &#039;Schneider&#039;s Sp\u00e4te Knorpelkirsche&#039;\" \/>\n<meta property=\"og:description\" content=\"Este cerezo tard\u00edo produce frutos negros brillantes y dulces en verano. El PRUNUS avium &#039;Schneider&#039;s Sp\u00e4te Knorpelkirsche&#039; es apreciado por su sabor.\" \/>\n<meta property=\"og:url\" content=\"https:\/\/www.vallonchene.fr\/es\/producto\/prunus-avium-schneiders-spate-knorpelkirsche\/\" \/>\n<meta property=\"og:site_name\" content=\"Vallonch\u00eane\" \/>\n<meta property=\"article:publisher\" content=\"https:\/\/www.facebook.com\/vallonchene.fr\" \/>\n<meta name=\"twitter:card\" content=\"summary_large_image\" \/>\n<meta name=\"twitter:label1\" content=\"Disponibilidad\" \/>\n\t<meta name=\"twitter:data1\" content=\"Agotado\" \/>\n<script type=\"application\/ld+json\" class=\"yoast-schema-graph\">{\"@context\":\"https:\\\/\\\/schema.org\",\"@graph\":[{\"@type\":\"WebPage\",\"@id\":\"https:\\\/\\\/www.vallonchene.fr\\\/es\\\/producto\\\/prunus-avium-schneiders-spate-knorpelkirsche\\\/\",\"url\":\"https:\\\/\\\/www.vallonchene.fr\\\/es\\\/producto\\\/prunus-avium-schneiders-spate-knorpelkirsche\\\/\",\"name\":\"PRUNUS avium 'Schneider's Sp\u00e4te Knorpelkirsche'\",\"isPartOf\":{\"@id\":\"https:\\\/\\\/www.vallonchene.fr\\\/es\\\/#website\"},\"datePublished\":\"2021-08-31T10:30:03+00:00\",\"description\":\"Este cerezo tard\u00edo produce frutos negros brillantes y dulces en verano. El PRUNUS avium 'Schneider's Sp\u00e4te Knorpelkirsche' es apreciado por su sabor.\",\"breadcrumb\":{\"@id\":\"https:\\\/\\\/www.vallonchene.fr\\\/es\\\/producto\\\/prunus-avium-schneiders-spate-knorpelkirsche\\\/#breadcrumb\"},\"inLanguage\":\"es\",\"potentialAction\":[{\"@type\":\"ReadAction\",\"target\":[\"https:\\\/\\\/www.vallonchene.fr\\\/es\\\/producto\\\/prunus-avium-schneiders-spate-knorpelkirsche\\\/\"]}]},{\"@type\":\"BreadcrumbList\",\"@id\":\"https:\\\/\\\/www.vallonchene.fr\\\/es\\\/producto\\\/prunus-avium-schneiders-spate-knorpelkirsche\\\/#breadcrumb\",\"itemListElement\":[{\"@type\":\"ListItem\",\"position\":1,\"name\":\"Home\",\"item\":\"https:\\\/\\\/www.vallonchene.fr\\\/es\\\/\"},{\"@type\":\"ListItem\",\"position\":2,\"name\":\"Tienda\",\"item\":\"https:\\\/\\\/www.vallonchene.fr\\\/tienda\\\/\"},{\"@type\":\"ListItem\",\"position\":3,\"name\":\"PRUNUS avium &#8216;Schneider&#8217;s Sp\u00e4te Knorpelkirsche&#8217;\"}]},{\"@type\":\"WebSite\",\"@id\":\"https:\\\/\\\/www.vallonchene.fr\\\/es\\\/#website\",\"url\":\"https:\\\/\\\/www.vallonchene.fr\\\/es\\\/\",\"name\":\"Vallonch\u00eane\",\"description\":\"El vivero donde la calidad tiene sus ra\u00edces \u2013 Tel.: +33 (0)2.35.90.02.02\",\"publisher\":{\"@id\":\"https:\\\/\\\/www.vallonchene.fr\\\/es\\\/#organization\"},\"potentialAction\":[{\"@type\":\"SearchAction\",\"target\":{\"@type\":\"EntryPoint\",\"urlTemplate\":\"https:\\\/\\\/www.vallonchene.fr\\\/es\\\/?s={search_term_string}\"},\"query-input\":{\"@type\":\"PropertyValueSpecification\",\"valueRequired\":true,\"valueName\":\"search_term_string\"}}],\"inLanguage\":\"es\"},{\"@type\":\"Organization\",\"@id\":\"https:\\\/\\\/www.vallonchene.fr\\\/es\\\/#organization\",\"name\":\"VALLONCHENE\",\"url\":\"https:\\\/\\\/www.vallonchene.fr\\\/es\\\/\",\"logo\":{\"@type\":\"ImageObject\",\"inLanguage\":\"es\",\"@id\":\"https:\\\/\\\/www.vallonchene.fr\\\/es\\\/#\\\/schema\\\/logo\\\/image\\\/\",\"url\":\"https:\\\/\\\/www.vallonchene.fr\\\/wp-content\\\/uploads\\\/2023\\\/03\\\/Logo-Vallonchene-site-et-R_hauteur_100.png\",\"contentUrl\":\"https:\\\/\\\/www.vallonchene.fr\\\/wp-content\\\/uploads\\\/2023\\\/03\\\/Logo-Vallonchene-site-et-R_hauteur_100.png\",\"width\":221,\"height\":100,\"caption\":\"VALLONCHENE\"},\"image\":{\"@id\":\"https:\\\/\\\/www.vallonchene.fr\\\/es\\\/#\\\/schema\\\/logo\\\/image\\\/\"},\"sameAs\":[\"https:\\\/\\\/www.facebook.com\\\/vallonchene.fr\",\"https:\\\/\\\/www.instagram.com\\\/vallonchene\\\/\",\"https:\\\/\\\/www.pinterest.fr\\\/vallonchene\\\/\"],\"taxID\":\"49454502300017\",\"hasMerchantReturnPolicy\":{\"@type\":\"MerchantReturnPolicy\",\"merchantReturnLink\":\"https:\\\/\\\/www.vallonchene.fr\\\/remboursements_retours\\\/\"}}]}<\/script>\n<meta property=\"og:availability\" content=\"out of stock\" \/>\n<meta property=\"product:availability\" content=\"out of stock\" \/>\n<meta property=\"product:retailer_item_id\" content=\"94278\" \/>\n<meta property=\"product:condition\" content=\"new\" \/>\n<!-- \/ Yoast SEO Premium plugin. -->","yoast_head_json":{"title":"PRUNUS avium 'Schneider's Sp\u00e4te Knorpelkirsche'","description":"Este cerezo tard\u00edo produce frutos negros brillantes y dulces en verano. El PRUNUS avium 'Schneider's Sp\u00e4te Knorpelkirsche' es apreciado por su sabor.","robots":{"index":"index","follow":"follow","max-snippet":"max-snippet:-1","max-image-preview":"max-image-preview:large","max-video-preview":"max-video-preview:-1"},"canonical":"https:\/\/www.vallonchene.fr\/es\/producto\/prunus-avium-schneiders-spate-knorpelkirsche\/","og_locale":"es_ES","og_type":"article","og_title":"PRUNUS avium 'Schneider's Sp\u00e4te Knorpelkirsche'","og_description":"Este cerezo tard\u00edo produce frutos negros brillantes y dulces en verano. El PRUNUS avium 'Schneider's Sp\u00e4te Knorpelkirsche' es apreciado por su sabor.","og_url":"https:\/\/www.vallonchene.fr\/es\/producto\/prunus-avium-schneiders-spate-knorpelkirsche\/","og_site_name":"Vallonch\u00eane","article_publisher":"https:\/\/www.facebook.com\/vallonchene.fr","twitter_card":"summary_large_image","twitter_misc":{"Disponibilidad":"Agotado"},"schema":{"@context":"https:\/\/schema.org","@graph":[{"@type":"WebPage","@id":"https:\/\/www.vallonchene.fr\/es\/producto\/prunus-avium-schneiders-spate-knorpelkirsche\/","url":"https:\/\/www.vallonchene.fr\/es\/producto\/prunus-avium-schneiders-spate-knorpelkirsche\/","name":"PRUNUS avium 'Schneider's Sp\u00e4te Knorpelkirsche'","isPartOf":{"@id":"https:\/\/www.vallonchene.fr\/es\/#website"},"datePublished":"2021-08-31T10:30:03+00:00","description":"Este cerezo tard\u00edo produce frutos negros brillantes y dulces en verano. El PRUNUS avium 'Schneider's Sp\u00e4te Knorpelkirsche' es apreciado por su sabor.","breadcrumb":{"@id":"https:\/\/www.vallonchene.fr\/es\/producto\/prunus-avium-schneiders-spate-knorpelkirsche\/#breadcrumb"},"inLanguage":"es","potentialAction":[{"@type":"ReadAction","target":["https:\/\/www.vallonchene.fr\/es\/producto\/prunus-avium-schneiders-spate-knorpelkirsche\/"]}]},{"@type":"BreadcrumbList","@id":"https:\/\/www.vallonchene.fr\/es\/producto\/prunus-avium-schneiders-spate-knorpelkirsche\/#breadcrumb","itemListElement":[{"@type":"ListItem","position":1,"name":"Home","item":"https:\/\/www.vallonchene.fr\/es\/"},{"@type":"ListItem","position":2,"name":"Tienda","item":"https:\/\/www.vallonchene.fr\/tienda\/"},{"@type":"ListItem","position":3,"name":"PRUNUS avium &#8216;Schneider&#8217;s Sp\u00e4te Knorpelkirsche&#8217;"}]},{"@type":"WebSite","@id":"https:\/\/www.vallonchene.fr\/es\/#website","url":"https:\/\/www.vallonchene.fr\/es\/","name":"Vallonch\u00eane","description":"El vivero donde la calidad tiene sus ra\u00edces \u2013 Tel.: +33 (0)2.35.90.02.02","publisher":{"@id":"https:\/\/www.vallonchene.fr\/es\/#organization"},"potentialAction":[{"@type":"SearchAction","target":{"@type":"EntryPoint","urlTemplate":"https:\/\/www.vallonchene.fr\/es\/?s={search_term_string}"},"query-input":{"@type":"PropertyValueSpecification","valueRequired":true,"valueName":"search_term_string"}}],"inLanguage":"es"},{"@type":"Organization","@id":"https:\/\/www.vallonchene.fr\/es\/#organization","name":"VALLONCHENE","url":"https:\/\/www.vallonchene.fr\/es\/","logo":{"@type":"ImageObject","inLanguage":"es","@id":"https:\/\/www.vallonchene.fr\/es\/#\/schema\/logo\/image\/","url":"https:\/\/www.vallonchene.fr\/wp-content\/uploads\/2023\/03\/Logo-Vallonchene-site-et-R_hauteur_100.png","contentUrl":"https:\/\/www.vallonchene.fr\/wp-content\/uploads\/2023\/03\/Logo-Vallonchene-site-et-R_hauteur_100.png","width":221,"height":100,"caption":"VALLONCHENE"},"image":{"@id":"https:\/\/www.vallonchene.fr\/es\/#\/schema\/logo\/image\/"},"sameAs":["https:\/\/www.facebook.com\/vallonchene.fr","https:\/\/www.instagram.com\/vallonchene\/","https:\/\/www.pinterest.fr\/vallonchene\/"],"taxID":"49454502300017","hasMerchantReturnPolicy":{"@type":"MerchantReturnPolicy","merchantReturnLink":"https:\/\/www.vallonchene.fr\/remboursements_retours\/"}}]},"og_availability":"out of stock","product_availability":"out of stock","product_retailer_item_id":"94278","product_condition":"new"},"_links":{"self":[{"href":"https:\/\/www.vallonchene.fr\/es\/wp-json\/wp\/v2\/product\/53181","targetHints":{"allow":["GET"]}}],"collection":[{"href":"https:\/\/www.vallonchene.fr\/es\/wp-json\/wp\/v2\/product"}],"about":[{"href":"https:\/\/www.vallonchene.fr\/es\/wp-json\/wp\/v2\/types\/product"}],"replies":[{"embeddable":true,"href":"https:\/\/www.vallonchene.fr\/es\/wp-json\/wp\/v2\/comments?post=53181"}],"wp:attachment":[{"href":"https:\/\/www.vallonchene.fr\/es\/wp-json\/wp\/v2\/media?parent=53181"}],"wp:term":[{"taxonomy":"product_brand","embeddable":true,"href":"https:\/\/www.vallonchene.fr\/es\/wp-json\/wp\/v2\/product_brand?post=53181"},{"taxonomy":"product_cat","embeddable":true,"href":"https:\/\/www.vallonchene.fr\/es\/wp-json\/wp\/v2\/product_cat?post=53181"},{"taxonomy":"product_tag","embeddable":true,"href":"https:\/\/www.vallonchene.fr\/es\/wp-json\/wp\/v2\/product_tag?post=53181"}],"curies":[{"name":"wp","href":"https:\/\/api.w.org\/{rel}","templated":true}]}}

PRUNUS avium &#8216;Schneider&#8217;s Späte Knorpelkirsche&#8217;

<p>Este <strong>cerezo tardío</strong> produce frutos negros brillantes y dulces en verano. El <strong>PRUNUS avium &#8216;Schneider&#8217;s Späte Knorpelkirsche&#8217;</strong> es ideal para los jardines y es apreciado por su sabor y robustez. </p>

<!-- This site is optimized with the Yoast SEO Premium plugin v27.4 (Yoast SEO v27.4) - https://yoast.com/product/yoast-seo-premium-wordpress/ -->
<title>PRUNUS avium &#039;Schneider&#039;s Späte Knorpelkirsche&#039;</title>
<meta name="description" content="Este cerezo tardío produce frutos negros brillantes y dulces en verano. El PRUNUS avium &#039;Schneider&#039;s Späte Knorpelkirsche&#039; es apreciado por su sabor." />
<meta name="robots" content="index, follow, max-snippet:-1, max-image-preview:large, max-video-preview:-1" />
<link rel="canonical" href="https://www.vallonchene.fr/es/producto/prunus-avium-schneiders-spate-knorpelkirsche/" />
<meta property="og:locale" content="es_ES" />
<meta property="og:type" content="article" />
<meta property="og:title" content="PRUNUS avium &#039;Schneider&#039;s Späte Knorpelkirsche&#039;" />
<meta property="og:description" content="Este cerezo tardío produce frutos negros brillantes y dulces en verano. El PRUNUS avium &#039;Schneider&#039;s Späte Knorpelkirsche&#039; es apreciado por su sabor." />
<meta property="og:url" content="https://www.vallonchene.fr/es/producto/prunus-avium-schneiders-spate-knorpelkirsche/" />
<meta property="og:site_name" content="Vallonchêne" />
<meta property="article:publisher" content="https://www.facebook.com/vallonchene.fr" />
<meta name="twitter:card" content="summary_large_image" />
<meta name="twitter:label1" content="Disponibilidad" />
	<meta name="twitter:data1" content="Agotado" />
<script type="application/ld+json" class="yoast-schema-graph">{"@context":"https:\/\/schema.org","@graph":[{"@type":"WebPage","@id":"https:\/\/www.vallonchene.fr\/es\/producto\/prunus-avium-schneiders-spate-knorpelkirsche\/","url":"https:\/\/www.vallonchene.fr\/es\/producto\/prunus-avium-schneiders-spate-knorpelkirsche\/","name":"PRUNUS avium 'Schneider's Späte Knorpelkirsche'","isPartOf":{"@id":"https:\/\/www.vallonchene.fr\/es\/#website"},"datePublished":"2021-08-31T10:30:03+00:00","description":"Este cerezo tardío produce frutos negros brillantes y dulces en verano. El PRUNUS avium 'Schneider's Späte Knorpelkirsche' es apreciado por su sabor.","breadcrumb":{"@id":"https:\/\/www.vallonchene.fr\/es\/producto\/prunus-avium-schneiders-spate-knorpelkirsche\/#breadcrumb"},"inLanguage":"es","potentialAction":[{"@type":"ReadAction","target":["https:\/\/www.vallonchene.fr\/es\/producto\/prunus-avium-schneiders-spate-knorpelkirsche\/"]}]},{"@type":"BreadcrumbList","@id":"https:\/\/www.vallonchene.fr\/es\/producto\/prunus-avium-schneiders-spate-knorpelkirsche\/#breadcrumb","itemListElement":[{"@type":"ListItem","position":1,"name":"Home","item":"https:\/\/www.vallonchene.fr\/es\/"},{"@type":"ListItem","position":2,"name":"Tienda","item":"https:\/\/www.vallonchene.fr\/tienda\/"},{"@type":"ListItem","position":3,"name":"PRUNUS avium &#8216;Schneider&#8217;s Späte Knorpelkirsche&#8217;"}]},{"@type":"WebSite","@id":"https:\/\/www.vallonchene.fr\/es\/#website","url":"https:\/\/www.vallonchene.fr\/es\/","name":"Vallonchêne","description":"El vivero donde la calidad tiene sus raíces – Tel.: +33 (0)2.35.90.02.02","publisher":{"@id":"https:\/\/www.vallonchene.fr\/es\/#organization"},"potentialAction":[{"@type":"SearchAction","target":{"@type":"EntryPoint","urlTemplate":"https:\/\/www.vallonchene.fr\/es\/?s={search_term_string}"},"query-input":{"@type":"PropertyValueSpecification","valueRequired":true,"valueName":"search_term_string"}}],"inLanguage":"es"},{"@type":"Organization","@id":"https:\/\/www.vallonchene.fr\/es\/#organization","name":"VALLONCHENE","url":"https:\/\/www.vallonchene.fr\/es\/","logo":{"@type":"ImageObject","inLanguage":"es","@id":"https:\/\/www.vallonchene.fr\/es\/#\/schema\/logo\/image\/","url":"https:\/\/www.vallonchene.fr\/wp-content\/uploads\/2023\/03\/Logo-Vallonchene-site-et-R_hauteur_100.png","contentUrl":"https:\/\/www.vallonchene.fr\/wp-content\/uploads\/2023\/03\/Logo-Vallonchene-site-et-R_hauteur_100.png","width":221,"height":100,"caption":"VALLONCHENE"},"image":{"@id":"https:\/\/www.vallonchene.fr\/es\/#\/schema\/logo\/image\/"},"sameAs":["https:\/\/www.facebook.com\/vallonchene.fr","https:\/\/www.instagram.com\/vallonchene\/","https:\/\/www.pinterest.fr\/vallonchene\/"],"taxID":"49454502300017","hasMerchantReturnPolicy":{"@type":"MerchantReturnPolicy","merchantReturnLink":"https:\/\/www.vallonchene.fr\/remboursements_retours\/"}}]}</script>
<meta property="og:availability" content="out of stock" />
<meta property="product:availability" content="out of stock" />
<meta property="product:retailer_item_id" content="94278" />
<meta property="product:condition" content="new" />
<!-- / Yoast SEO Premium plugin. -->

PRUNUS avium 'Schneider's Späte Knorpelkirsche'

Este cerezo tardío produce frutos negros brillantes y dulces en verano. El PRUNUS avium 'Schneider's Späte Knorpelkirsche' es apreciado por su sabor.

Vallonchêne

El vivero donde la calidad tiene sus raíces – Tel.: +33 (0)2.35.90.02.02
